 0, 282 = 2*v + 4*y. Let h = 5 + -5. Suppose h*t + v = 5*t. What is the units digit of t?
7
Suppose 0 = -3*w - 2*g + 1802, -2*w + 939 + 271 = -3*g. Suppose -4*m + 11*m = w. What is the units digit of m?
6
Let a = 70 + -33. Suppose s + s = 26. Let p = a - s. What is the units digit of p?
4
Let q be 8 + (-2 - (0 + 0)). What is the tens digit of 2214/30 - (q/(-5) - -1)?
7
Suppose 4*f = -5*a + 3, 5*a - 1 - 4 = -5*f. Suppose -9 + 242 = 5*n + i, -231 = -5*n - f*i. What is the tens digit of n?
4
Let j = -725 - -1212. What is the tens digit of j?
8
Let h = -27 - -21. Let x be (42/(-8))/(h/80). Let o = -10 + x. What is the units digit of o?
0
Let v be (-76)/(-28) + (-4)/(-14). What is the tens digit of 1 - (1 + -62) - v?
5
Let c = 1035 + -478. What is the hundreds digit of c?
5
Suppose -10*l = -13*l - 123. Let i = l + 143. What is the units digit of i?
2
Let z be (-6)/(-4 - 5/(-2)). Suppose -3*l + 2*h + z = -l, 5*h + 25 = 0. Let a(g) = -g**3 - 2*g**2 - 2*g - 5. What is the units digit of a(l)?
0
Suppose 6*h = 18 + 54. Suppose -92 - h = -4*q. What is the tens digit of q?
2
Let y = 1075 + -111. What is the hundreds digit of y?
9
Let l(r) = -r**2 + r + 7. Let v(y) = -y**3 - y**2 + 1. Let g be v(-1). Let n be g*(0 - (3 + -3)). What is the units digit of l(n)?
7
Let i(o) = -o**2 + 4. Let h(c) = -c**2 - c + 3. Let w(q) = -6*h(q) + 5*i(q). Let t be w(-3). What is the units digit of ((-100)/14)/(1/t)?
0
Let g(v) = -v**2 + 12*v + 18. Let k be g(13). Let z(p) = -3*p + 2*p - 2*p + 4 - k. What is the units digit of z(-3)?
8
Let y be (20/3)/((-8)/(-60)). Let p = -17 + y. Suppose -4*b + 7 = -p. What is the units digit of b?
0
Suppose 3*r - 4*r = 2*h + 41, -5*r - 157 = -2*h. What is the tens digit of r/(-1) + 1 + 4 + -4?
3
What is the units digit of (3/((-18)/21))/((-3)/1230)?
5
Suppose -9 = -3*x + 27. Let w = x + -10. Suppose w*o = -2*o + 224. What is the tens digit of o?
5
Suppose 0*g - 9*g = 1008. What is the units digit of (-32)/g - 285/(-7)?
1
Let j = 45 - 41. What is the units digit of ((-2)/(-7))/(j/28)?
2
Suppose -325 + 53 = -8*b. Let y = b - -13. What is the units digit of y?
7
Let y(m) = -m**2 - 7*m + 11. Let w be y(-9). Let q(s) = -s**3 - 7*s**2 - 3. Let g be q(w). Let b(f) = -2*f**3 - 2*f**2 - f - 4. What is the units digit of b(g)?
5
Suppose -14*y - 6*y = -5780. What is the tens digit of y?
8
Let i = 2027 + 686. What is the hundreds digit of i?
7
Suppose -9624 = -19*r + 3505. What is the hundreds digit of r?
6
Let u be (416/(-12) - -1)*-36. Let r = u + -5442. What is the units digit of (-4)/10 + r/(-75)?
6
Let c = 6 + -3. Suppose -2 + 17 = c*h. Suppose -2*v + 50 = -3*a, 16 = -h*a - 4. What is the units digit of v?
9
What is the tens digit of 15916/5 + (-64)/(-80)?
8
Let b(l) = -16*l + 123. What is the tens digit of b(4)?
5
Suppose d - 4*q = -5*q + 5, -5*d + 5*q + 5 = 0. Suppose d*t - i = 465, t + 4*t - 3*i - 775 = 0. What is the tens digit of t?
5
Let i be (-3)/(-6) + 4 + (-1)/2. Suppose 0 = -i*a - b + 608, -a - 2*a + 437 = -4*b. What is the tens digit of a?
5
Suppose -2 = -s - 0, v - 5*s = -3. Suppose -6 + v = h. Suppose -5*j + h + 39 = -2*t, 4*t = 0. What is the units digit of j?
8
Suppose -2624 = -10*h + 2*h. What is the units digit of h?
8
Let g = 110 - 88. Let d(u) = 29*u - 2. Let f be d(2). Let v = f - g. What is the tens digit of v?
3
Let v(y) = y**2 + 33*y + 8. Let c be v(-34). Let z = -1 + c. What is the units digit of z?
1
What is the thousands digit of 2/(-29) - 44227/(-29)?
1
Suppose 7*a = 3*a - 5*v + 19, 0 = -4*a - 4*v + 24. Suppose -2*c - 3*p + 52 = -a, 3*c + p - 98 = 0. What is the tens digit of c?
3
Let s(o) = 520*o - 21. What is the units digit of s(2)?
9
Suppose 0*m - 5 = -5*d - 5*m, 4*m = -2*d + 2. Let w(k) = 130*k + 2. What is the tens digit of w(d)?
3
Let n = -5699 - -9764. What is the tens digit of n?
6
Suppose -j + 2 = 1. Let o be j/(-5) - 168/(-15). Let y = -8 + o. What is the units digit of y?
3
What is the tens digit of (1*-7)/(47/(-5311))?
9
Suppose 29 = -w + 22. What is the hundreds digit of (-214)/((-5 - w)*2/(-4))?
2
Let l be (-150)/525 - 10364/(-14)*1. Suppose -l = -3*w - 4*h, -5*w = 2*h + 2*h - 1220. What is the hundreds digit of w?
2
Suppose 15*v - 13*v = 84. Suppose 0 = 4*r + 2*l + v, r = 4*r - 5*l + 12. What is the tens digit of 4 + -33*6/r?
2
Let o(j) = j**2 + 18*j - 16. Let n be o(-19). Suppose 0 = d + 2, -n*d = -2*x - 7*d + 126. What is the units digit of x?
7
Let a(o) = o**3 + 5 + 0*o + 4*o + 3*o**2 - 5*o**2 - 4*o**2. Let f be a(5). Suppose f = h - 10 - 3. What is the units digit of h?
3
Let w = 9 + -6. Suppose v + 1 = -u - u, -3*u - 6 = -w*v. What is the tens digit of 16 + 3 + -2 + v?
1
Suppose 16 = 4*p, -3*n + 2*p - 3*p = -22. Let r be (1 + (-9)/n)*-22. Suppose r = 2*o + 4*x - 81, 3*o - 2*x - 146 = 0. What is the tens digit of o?
4
Let c = -1082 + 2826. What is the tens digit of c?
4
Let z(c) be the second derivative of 18*c**2 - 5*c - 1/6*c**3 + 0. What is the units digit of z(0)?
6
Suppose -a = -f - 21 + 77, 286 = -5*a - f. What is the tens digit of -4 + (0 + 4 - a)?
5
Let a = 332 + -259. What is the tens digit of a?
7
Let j(t) = t**3 - 7*t**2 - 7*t + 8. Let o be j(8). Let d be 0*4*2/o. What is the tens digit of (d + -62)/(-21 - -20)?
6
Let i = 41 - 38. Suppose 0 = 2*q - 8, i*q = -4*m + 228. What is the tens digit of m?
5
Suppose -10*o + 22 = -478. Let h = o - -212. What is the tens digit of h?
6
Let o(m) = 7*m**3 - m**2 + 10*m + 6. Let p be o(-5). What is the tens digit of (-6)/10 + p/(-40)?
2
Suppose k = 2*l - 1862, 3*l + 30*k - 25*k = 2806. What is the tens digit of l?
3
Suppose 2*p = 4*p - 30. Suppose -c + p = -29. What is the tens digit of c?
4
Let l(u) be the third derivative of u**5/20 + u**4/12 + 7*u**3/3 - 4*u**2. What is the units digit of l(6)?
4
Let y be (-2234)/(-3)*(21/(-6) - -5). Suppose -y - 77 = -6*v. What is the hundreds digit of v?
1
Let d = -3 + 5. Let g be (1*(-136 + d))/(-2). Suppose -3*k - g = -2*z, -99 = 5*z - 8*z + 3*k. What is the tens digit of z?
3
What is the thousands digit of (8292/(-9))/(10/(-90)*2)?
4
Let y(p) = 3*p**3 + 10*p**2 - 8*p + 4. Suppose -5*m - 14 = -3*c, 0 = -5*m - 4*c + c - 26. What is the units digit of y(m)?
4
Suppose -2*r + 14*p + 2757 = 11*p, r = -5*p + 1359. What is the tens digit of r?
7
Suppose -3 + 11 = -2*w. What is the hundreds digit of -4 + (-1)/(w/744)?
1
Let o = 124 + 751. What is the hundreds digit of o?
8
Let r(t) = -9*t - 2. Let s be r(-1). Let y(n) = n**2 - 9*n + 18. Let f be y(s). Suppose -40 = -f*l - q + 5*q, 2*l + 5*q = 6. What is the units digit of l?
8
Let u = -30 - -77. Suppose -3*b = -q - 77, 5*q - 18 = -3*b + u. What is the tens digit of b?
2
Let w(s) = s**3 + 25*s**2 - 6*s - 28. What is the units digit of w(-13)?
8
Suppose -4*g + 5*i = -48, -3*g - i = -85 + 30. Suppose 1547 = -g*k + 24*k. What is the tens digit of k?
2
Let f(k) = k**3 - 4*k**2 - 2*k + 1. Let w(d) = -5*d**3 + 21*d**2 + 9*d - 6. Let c(y) = -11*f(y) - 2*w(y). What is the units digit of c(3)?
4
Suppose 0 = 4*l - 9 - 7. Suppose 5*p - 179 = 3*t + 56, 0 = 2*p - l*t - 108. What is the tens digit of p?
4
Let a(h) = -h**3 + 10*h**2 + 15*h + 5. Let d be 5 + (2 + -2 - -3). Suppose 0 = 2*f + 4*i - d*i - 42, 0 = 2*f + 2*i - 12. What is the units digit of a(f)?
9
Let k = 5 + -5. Suppose -29*a + 23*a = 0. What is the tens digit of (-1 + a - k) + 53?
5
Let u(f) = -f**3 - 9*f**2 - 10*f - 12. Let g be u(-8). Let n(y) = -11*y - 6. Let k(s) = -12*s - 6. Let w(d) = 2*k(d) - 3*n(d). What is the tens digit of w(g)?
4
Let n(g) = -g**3 + 15*g**2 + 14*g - 28. Let l be 2/2 - (0 + -2) - -12. What is the hundreds digit of n(l)?
1
Suppose 2*n - 3641 + 759 = 0. What is the thousands digit of n?
1
Suppose 14*l - 4545 = 11*l - o, 0 = -4*l + 3*o + 6047. What is the tens digit of l?
1
Let a = 567 + -540. What is the tens digit of a?
2
Let j(z) = z**2 - 7*z - 6. Let a be j(8). Suppose -285 = -5*o + a*f, -4*o + 98 = -f - 130. Suppose v + o = 4*v. What is the tens digit of v?
1
Suppose 4 = 2*n - 2*l, 0*l - l + 3 = 0. Let o(d) = -d**2 + 5*d + 7. Let t be o(n). Suppose t = w - 2. What is the units digit of w?
9
Suppose 1 + 0 = u - c, 2*u + 4*c - 32 = 0. Suppose v + u = 3*v. Suppose -v = 2*d - 89. What is the tens digit of d?
4
Let q = 5940 + -3508. What is the units digit of q?
2
Suppose 16220 = 8*y - 23164. Wha